*g**3 + 3*g**2 + 2*g - 1. Let y be ((-2)/(-3))/((-4)/12). List the prime factors of t(y).
23
Let f(o) = -o**3 + 8*o**2 - 9*o + 9. What are the prime factors of f(6)?
3
Let c(l) = 9*l**3 - l**2 + 5. List the prime factors of c(3).
239
Let j be -1 - -5 - (-2 + 4). Suppose j*d - 32 = -2*d. List the prime factors of d.
2
Let d(l) = 3*l**2 + 16*l + 3. Let w(x) = -x**2 - 5*x - 1. Let h(r) = -2*d(r) - 7*w(r). Let b be h(-2). What are the prime factors of 6/((-2 - -1)/b)?
2, 3
Let f(c) = 2*c**2 + c. Let t be 5 - (5 + 2/(-1)). Let r be f(t). Suppose s + 4*s - r = 0. What are the prime factors of s?
2
Let p(c) = c**2 + c - 2. Let j be p(-3). Let g be -6*(0 - (-8)/(-12)). Suppose j*z + z - 40 = -4*d, -40 = -g*d + 5*z. What are the prime factors of d?
2, 5
What are the prime factors of 50*((-4)/(-2) - 0)?
2, 5
Suppose -4*n - 45 = -s - 3, -2*n + 4 = 0. Suppose -4*m + 142 + s = 0. Suppose 3*y + 5*c - m = 5, 0 = 3*y - 5*c - 13. List the prime factors of y.
11
Let x(y) = -3*y**2 + y**3 + 0 + 0*y - 3*y - 1. Suppose -2 = -3*r - 0*n + 2*n, -4*n = 4*r - 36. List the prime factors of x(r).
3
Let x be (36/8)/(3/8). Let z be 4/10 + x/(-5). What are the prime factors of ((-4)/(-6))/(z/(-12))?
2
Suppose -5*p + 27 = -4*v, -2*p + 5*v - 5 + 26 = 0. Suppose -4*z = -3*z + 5, 43 = p*h - 5*z. List the prime factors of h.
2, 3
Suppose -2*h + 87 + 126 = 5*l, -5*l = -4*h - 189. What are the prime factors of l?
41
Let x(m) = m**3 - 11*m**2 + 2*m - 12. Let f(n) = -2*n - 5. Let o be f(-8). What are the prime factors of x(o)?
2, 5
Let s = 421 + -220. List the prime factors of s.
3, 67
Suppose 2*k - 7*k + 30 = 0. Suppose v + k = u, 5*u - 33 = 4*v - 2*v. Let q(h) = h**2 - 4*h - 4. What are the prime factors of q(u)?
17
Let l be ((-1)/(-3))/(3/90). Let g = 0 + l. What are the prime factors of g?
2, 5
Let g be 2*-3 - -2 - -1. Let d be (2/g)/(2/(-21)). Suppose 5*c = 5*j + 37 - d, 2*c - 6 = 4*j. List the prime factors of c.
3
Let d = 74 + -42. List the prime factors of d.
2
Let y(o) = o**3 - o**2 + o - 2. Let m be y(0). Let q be (1 - -2)*(m - -3). Suppose -5*x + 3*x + q*p = -33, -39 = -3*x + p. List the prime factors of x.
2, 3
Let b be 4/8*0 + 0. Let y(c) = -c + 2. Let v be y(0). What are the prime factors of v - -5 - (-1 + b)?
2
Suppose c - 21 = -16. Suppose 0 = -d - 3*d + 8. Suppose -7 = -z + a - d, c = -5*a. What are the prime factors of z?
2
Let c(l) = l**3 + l**2 + l + 11. Let x = -2 - -2. Suppose -d - 4*r - 8 = x, -5*r - 10 = -0*r. List the prime factors of c(d).
11
Let c(v) = -2*v + 10. Let i(s) = -s + 9. Let r(b) = 3*c(b) - 4*i(b). Let k be r(-7). Suppose g - k - 3 = 0. List the prime factors of g.
11
Suppose -j - 69 = -3*b + 2*j, -42 = -2*b + 4*j. Suppose 0*l - b = 5*l, -3*l + 5 = 2*y. What are the prime factors of 4/y - 166/(-10)?
17
Let a(n) = n**2 + 96. What are the prime factors of a(0)?
2, 3
Let z(w) = w - 8. Let g be z(6). Let x = g + -33. List the prime factors of (-112)/x + 2/(-10).
3
What are the prime factors of (-880)/(-4) - 2/(-2)?
13, 17
Let w(j) = -2*j - 14. Let s(k) = 5*k + 29. Let q(o) = -3*s(o) - 7*w(o). Let v be q(8). Suppose -4*g - 4 = 0, v*u = 3*g + 11 + 40. List the prime factors of u.
2
Let m = 8 - -208. List the prime factors of m.
2, 3
Let p(w) = -w**2 - 9*w + 4. Let h be p(-9). Suppose -31 + h = -3*z. What are the prime factors of z?
3
Let d(j) = -j - 4. Let z be d(-5). Let m be -1 + z + 0 + 3. Suppose -6 + 0 = -m*f. What are the prime factors of f?
2
Let l = -5 + 5. Suppose -3*k - 2*k = n + 100, l = k + 4*n + 20. List the prime factors of (26/8)/((-5)/k).
13
Suppose 2*o + 6 - 16 = 0. Let m(s) = 6*s**2 + s + 2. Let t be m(2). Suppose o*y - 3*u = t, 3*u + 2*u = 4*y - 12. What are the prime factors of y?
2
Let z(o) = -o**3 - 10*o**2 - o - 10. Let h be z(-10). Suppose -v + 4 + 0 = h. What are the prime factors of v?
2
Let j be -10*(2/2)/(-2). Suppose 2*h - 6*h + 5*m + 173 = 0, -j*h - 4*m = -165. List the prime factors of h.
37
Let d(j) = -j**3 - 12*j**2 + 12*j - 10. Let q be d(-13). Suppose q*s - 8*s + 25 = 0. List the prime factors of s.
5
List the prime factors of 71 - ((-40)/(-2))/5.
67
Suppose 2*d + d + 111 = 5*n, -3*d - 15 = -n. Suppose 20 = 4*k, f - 5*k = -0*k - n. Suppose -g + 2 = -f. List the prime factors of g.
3
Let o = -1 - -4. What are the prime factors of (3/(o/4))/2?
2
Let r be (-4)/6 + (-182)/6. Let o = r + 2. Let v = 43 + o. List the prime factors of v.
2, 7
Let k be 3/2*(4 - 2). Suppose -z = -k*h + 7, h + 6*z = 3*z + 19. List the prime factors of h.
2
Suppose 0 = b + 5*b - 18. List the prime factors of b.
3
Suppose -10*x - 8*x + 1836 = 0. List the prime factors of x.
2, 3, 17
Suppose 6*y = 413 + 505. What are the prime factors of y?
3, 17
Let d(l) = -19*l + 27. List the prime factors of d(-5).
2, 61
Let z = 4 - 2. Suppose z*y = -3*y. Suppose 0*b - 4*b + 8 = y. What are the prime factors of b?
2
Let j(x) = 8*x**2 - 2*x - 16. List the prime factors of j(4).
2, 13
Let p(j) = j**3 + 9*j**2 + j + 2. Let l be p(-9). Let w = l - 3. Let u(y) = y**2 + 10*y + 2. List the prime factors of u(w).
2
Let s(r) = -r - 7. Let l be s(-3). List the prime factors of -2 - (-8 + 3) - l.
7
Let y(b) = 5*b + 1 - 2*b - 2*b. Let f be y(-5). List the prime factors of (f - -3)*-2 - -12.
2, 7
Suppose -5*t = 20, -2*t - 3 = -3*y + 14. Suppose 0 = 3*l + 3*b + 2*b - 32, 3*l = y*b. What are the prime factors of l?
2
Let w be -1 - (-1)/((-1)/(-1)). What are the prime factors of (w - -43) + 12/3?
47
Suppose 2*v - 4*p - p = 166, v - 4*p - 77 = 0. What are the prime factors of v?
3, 31
Suppose -4*r - 6*y = -2*y - 16, r = -3*y + 14. Let j be (-86)/(-2) + (-1 - r). Suppose -j = -4*x + 5. List the prime factors of x.
2, 3
List the prime factors of (-9)/15 + 166/10.
2
Suppose -11 = -3*i - 0*b - 2*b, 5*i - 2*b = -3. Suppose -2*d - i = -9. What are the prime factors of d/10 - 53/(-5)?
11
Suppose 3*k - 17 = -8. Let h = k + 34. What are the prime factors of h?
37
Let z(c) = -2*c**3 + 4. List the prime factors of z(-3).
2, 29
Let c be (35/28)/((-1)/(-4)). Suppose c + 1 = 2*y. What are the prime factors of y - (6/(-2) + -1)?
7
Suppose 9 = 3*f - 3*o, -18 = -4*f + 2*o - o. Suppose r - 32 = 3*l - 7, 0 = r - f*l - 17. What are the prime factors of r?
37
What are the prime factors of (-33539)/(-121) + (-2)/11?
277
Suppose -7*z + 3*z = 0. Let d(j) = -j - 2. Let f be d(-6). Suppose z = -2*x + f. What are the prime factors of x?
2
List the prime factors of ((-2)/(-3))/((-12)/(-990)).
5, 11
List the prime factors of 10/(((-35)/10)/(-7)).
2, 5
Let h(l) = -l**3 + 9*l**2 + 20*l - 12. What are the prime factors of h(10)?
2, 11
Suppose a = -4*x + 71, 2*a - 3*x - x - 166 = 0. List the prime factors of a.
79
Let s = 18 + -7. Suppose -s = -4*j + 21. List the prime factors of j.
2
What are the prime factors of (-1)/(-3)*69 - -2?
5
Let i(a) be the first derivative of -a**3/3 + 5*a**2/2 + 4*a + 3. List the prime factors of i(5).
2
Suppose 0 = -3*m - 0*m + b + 20, 0 = m + b. Suppose 5*r - 6 = -f + 28, -4*r - 25 = -m*f. Suppose f = -i + 4*i. What are the prime factors of i?
3
Suppose -4*u = -13 - 7. Suppose u*b + 23 = j, 6*j - 23 = j + 2*b. List the prime factors of j.
3
Let w(k) = -2*k + 1. Let u be w(-1). Suppose -30 = -2*a + 2*c, c + 3*c = -u*a + 17. List the prime factors of a.
11
Let l = 6 + -4. Suppose -l*d + d + 5 = 0. What are the prime factors of d?
5
Suppose w + w = 2. What are the prime factors of (3/w - 0) + 11?
2, 7
Suppose -13*w - 198 = -15*w. What are the prime factors of w?
3, 11
Let z(r) be the second derivative of r**5/20 - r**4/12 + r**3/6 + 7*r**2 - r. List the prime factors of z(0).
2, 7
Let z(o) = o**3 + 4*o**2 - 3*o - 5. What are the prime factors of z(-2)?
3
Let o = -119 + 178. List the prime factors of o.
59
Let r(s) be the first derivative of s**3/3 + 2*s**2 + 4*s - 2. Let m = -6 + 1. List the prime factors of r(m).
3
Let x be (5 + -1)/((-2)/(-2)). Suppose -x*n = n. Suppose 2*t - 5*d + 9 = n, -3*d - 31 = -5*t - 6. What are the prime factors of t?
2
Let d be 1/(-3)*2*-9. Let j(i) = i + 7. What are the prime factors of j(d)?
13
Suppose -4*b = -b. Let z be b + (-2)/(-2) + -4. List the prime factors of (-2)/2 + (-27)/z.
2
Let y = 7 + 6. What are the prime factors of y?
13
Let p be 22/((-3)/((-9)/3)). Suppose -p = 4*j + 26. List the prime factors of j/10*30/(-4).
3
Let o = 481 - 256. 